s). Suppose -10*x - l = -11*x. Let t(j) = 2*j - 3. Determine t(x).
5
Let q(r) = r**3 - 6*r**2 - 3. Let i be -3 + 6 + 21/7. Give q(i).
-3
Let i(b) = -7*b**2 + 26*b**3 - 59*b**3 + 32*b**3 - b - 4*b. Calculate i(-6).
-6
Let h(t) = -29*t - 23*t - 30*t + 105*t - 22*t - 2. Give h(-8).
-10
Let o(d) = 2*d**2 + 3*d - 3. Suppose -8 - 7 = 3*k, 0 = 4*s - k - 25. Suppose -3*y + 4*v - s = 0, -3*y + 3*v - 7 = -1. What is o(y)?
6
Let p = 55 + -58. Let i(j) = -2*j**2 - j - 3. Give i(p).
-18
Suppose 4*c + 7 - 35 = 4*j, -j = -3*c + 17. Let f(i) = -6*i + 2. Let s(o) = 1. Let m be 0 + -1 - (-9 - -3). Let w(d) = m*s(d) - f(d). Calculate w(j).
-9
Let u be 5 - (-81)/(-15) - (-18)/20. Let z(d) be the first derivative of -u*d**2 - 3*d - 7. Calculate z(-4).
1
Let w(t) = t**3 - 6*t**2 - 2*t + 8. Let y(g) = 2*g - 16. Let d be y(11). Let a be 3/9 - 2/d. Let n(l) = -l**2 + 6. Let v be n(a). Determine w(v).
-4
Let w(k) = 2*k - 13. Let p(c) = -c + 4. Let z(r) = 8*p(r) + 3*w(r). Let d be z(-7). Let s(t) = d*t**2 - 15*t**2 - t + 4 + 5 + 4*t**3 - 3*t**3. Determine s(8).
1
Suppose -5*l + 0*l = -60. Let k(i) = -l*i - 7 + 5*i + 6*i. Suppose -10*x = -7*x. Give k(x).
-7
Suppose -2*p - g + 41 = -0*g, 4*g - 84 = -4*p. Let y(t) = -26 + p + 2*t**2 + t - t**3 + 4*t**2. What is y(6)?
0
Let i(b) = 4*b**3 - 4*b**2 - 3. Let l(p) = p**3 - p + 1. Let y(v) = i(v) - 3*l(v). Suppose 3*k + 1 = 7. Suppose 10 = -k*c, q - c = -q + 13. What is y(q)?
6
Let h(m) = 2*m - 69. Let y(d) = 70. Let t(b) = 3*h(b) + 4*y(b). Give t(-13).
-5
Let o(j) = 2*j - 11. Let s(v) = 5*v - 38. Let t be s(7). Let u be (-2 - t)/(-4*2/(-72)). Calculate o(u).
7
Let a(d) = 2*d - 5*d**2 + 2 - 2*d**2 - d**3 - 1 - d**2 - 10*d. Calculate a(-7).
8
Let l = -14 - -48. Suppose -38 = 4*u - l. Let y(w) = 9*w**3 + w**2 + w + 1. Calculate y(u).
-8
Let r(x) = -x**2 + 4*x - 2. Let f(i) = 1. Suppose u - 3*k + 2 = 10, 2*k + 8 = -2*u. Let n(m) = u*r(m) + f(m). Determine n(4).
3
Let z(d) = -11*d**2 + 3*d - 79. Let q(c) = 5*c**2 - c + 38. Let i(h) = -13*q(h) - 6*z(h). Calculate i(6).
-14
Suppose -2 + 54 = 13*n. Let w(x) = x**2 + 5*x - 6. Give w(n).
30
Suppose -2*j + 25 + 5 = 0. Suppose -2*l + 12 = -i - 0*l, -4*i - j = 3*l. Let t(k) = -k**2 - 6*k - 1. Determine t(i).
-1
Let t(i) be the third derivative of -1/3*i**3 - 7/24*i**4 + 0 - 15*i**2 + 0*i. Determine t(2).
-16
Let g(h) = h**2 - h**3 + 5*h - 708 + 707 + 3*h**2 - 3*h. Let s be (-17)/(-3) - (-2)/(-3). Determine g(s).
-16
Let d be -8 + (17 + -19)*(-1 + -1). Let q(v) = 2*v - 3. Let j(s) = -10*s + 16. Let x(a) = d*j(a) - 22*q(a). Suppose 0 = 3*w - 9. Calculate x(w).
-10
Let d(w) = -2*w - 6. Let j = 15 + -19. Let p be j/6 + (-80)/15. Let k be d(p). Let g(m) = 3*m - 8. Give g(k).
10
Let t(i) = i**3 - 5*i - 13. Let d = -38 - -33. Let g(z) = z. Let y(c) = d*g(c) - t(c). Calculate y(0).
13
Let y(v) = -v**2 + 6*v + 2. Let w = -29 + 34. Suppose -2*f = w*j + 15, -2*f - 5 = 2*j + j. Determine y(f).
7
Let a(w) = 17*w**3 + 4*w**2 - 3*w + 3. Let h(f) = -33*f**3 - 6*f**2 + f - f**2 - 5 + 4*f. Let y(q) = -5*a(q) - 3*h(q). Let j be 0 + 0 + -3 + 2. Give y(j).
-13
Let d(c) = -27*c - 277. Let p be d(-10). Let t(h) = 9*h - 1. Calculate t(p).
-64
Suppose -117 = 3*a + 36*a. Let r(s) = 3*s**2 + 11*s + 13. What is r(a)?
7
Let q = 60 - 57. Suppose q*o + 0 + 15 = 3*t, -3*t - 5*o = 9. Let b(j) = -j**3 - j**2 + 2*j + 1. Determine b(t).
-7
Let u(o) = -6*o**2 - 1. Let f be (-25)/10 - 2/4. Let g = 5 + f. Suppose -g*s - 10 = -0*x - 4*x, 0 = 2*s + x. Calculate u(s).
-7
Let r(q) = 7*q**3 + q**2 - 9*q + 16. Let v(n) = 11*n**3 + n**2 - 14*n + 25. Let o(y) = -8*r(y) + 5*v(y). Determine o(-3).
-9
Suppose 4*i - 13*i = -45. Let n(y) = 4*y + 0 + 7 + i - 2*y. Calculate n(-8).
-4
Let a(q) = -70*q + 0 - 15 + 71*q. What is a(0)?
-15
Let p be 10 + 4 + 5 + -11. Let g(t) = 2*t**3 - 15*t**2 - 8*t - 2. Calculate g(p).
-2
Suppose -8*y + 11 - 3 = 0. Let t be (-5 - -4)*-6*-1*y. Let c(i) = -4*i - 7. What is c(t)?
17
Let p be (2/3)/(2/(-6)). Let l(d) = 4*d**2 - 5*d + 3. Let h(b) = 3*b**2 - 3*b + 2. Let q(m) = -6*h(m) + 4*l(m). Calculate q(p).
-4
Let j(z) = 3*z**2 + 9. Let r(w) = -16*w**2 - 45. Let b(p) = 11*j(p) + 2*r(p). Let k(n) = n + 4. Let s = -2 - 2. Let d be k(s). What is b(d)?
9
Let g(n) = -n**3 - 14*n**2 - 5*n - 1. Let f = 1155 + -1169. Determine g(f).
69
Let t(i) = -i**3 + 6*i**2 + 7*i + 2. Let o be t(7). Let w(d) = d + 0 - 1 - d**o - 6*d. Suppose 15 = -5*m - 5. Calculate w(m).
3
Let c(r) = 5*r + 1. Let p(j) = 2*j - 6*j - j + 15 - 2*j. Let n(z) = 4*z - 7. Let f(m) = -11*n(m) - 6*p(m). Let k be f(-7). What is c(k)?
6
Let c(k) = k**3 + 19*k**2 + 17*k - 18. Let r be c(-18). Let d(j) be the second derivative of j**3/6 + 5*j**2/2 - 11*j. Calculate d(r).
5
Let o(t) = 5*t + 4. Let x(u) = -1. Let g(y) = -o(y) - 6*x(y). Determine g(4).
-18
Let d(b) = b**3 + 5*b**2 + 5*b - 1. Let q be d(-4). Let t(f) be the third derivative of 0 - 1/12*f**4 + 15*f**2 + 0*f - f**3. Calculate t(q).
4
Let z(u) = -u**3 + u**2 - u - 2. Suppose -6*i = -0*i - 5*i. What is z(i)?
-2
Let w be 2 - 9 - (-3 - -5). Let v(h) be the first derivative of h**3/3 + 9*h**2/2 - 2*h - 194. Determine v(w).
-2
Let b(j) = -j**2 - 66*j + 127*j - 2 - 68*j + 1. Calculate b(-3).
11
Let y(i) = i**2 + 8*i. Let k(a) = -a**2 + 7*a - 7. Let o be k(3). Suppose o*l + 34 - 4 = 0. Determine y(l).
-12
Suppose -175*l = -4*n - 179*l + 20, 25 = 5*n + 4*l. Let b(z) be the second derivative of z**5/20 - z**4/3 - 7*z**3/6 + 3*z**2 - z. Give b(n).
-4
Let b(z) be the second derivative of 7*z + 0 + 1/6*z**3 + 7/2*z**2. What is b(-5)?
2
Let i(s) be the third derivative of 0*s**3 + 0*s - 4*s**2 + 3/20*s**5 + 0 + 0*s**4. What is i(1)?
9
Let s = 38 + -34. Let y(p) = 1 - 8*p - 9*p - p**2 + 21*p. What is y(s)?
1
Suppose -3*x - 15 = 0, -3*q - x + 2*x = -38. Let k(f) = f + 0*f - 4 + 3 + q. Determine k(-5).
5
Let t(o) = -o**3 - 3*o**2 + 5*o. Let y = -20 - -23. Let m(c) = -c**2 + c + 1. Let w(h) = y*m(h) - t(h). Let x be 16/6 + 4/(-6). What is w(x)?
7
Let k(o) be the first derivative of -o**3/3 + o**2 - 6*o - 232. Calculate k(0).
-6
Suppose -r - 3 = -12. Let j be r/3 + -1 + -8. Let q(d) = 8*d - d**2 + 225 - 217 + 2*d**2. What is q(j)?
-4
Let z(a) = -2*a - 6. Let r be z(-5). Let j(v) be the first derivative of -v**3/2 + 3*v**2/2 + 3*v - 7. Let p(d) be the first derivative of j(d). Determine p(r).
-9
Let y(p) = 23 + 38 - 70 + 4*p**3 - 3*p**3 + 17*p - 8*p**2. Determine y(5).
1
Let g(a) = -4*a - 5 + 3*a + 0 + 0. Let x = -41 - -51. Suppose 2*m - 4 = 0, 0*m = 2*t - m + x. Calculate g(t).
-1
Suppose 0 = 2*m - h - 40, -4*m - 2*h + 76 = -3*h. Let a be (2/(-3))/((-1)/m). Let v = -7 + a. Let x(b) = -b**2 + 4*b + 6. What is x(v)?
1
Suppose -3*m + 5*x = 8 + 17, -3*x + 21 = -3*m. Suppose -9*r + 9 = -0. Let s(f) = -r - 2 + 1 - 1 - f. What is s(m)?
2
Suppose 5*b - 4*r + 5*r = -15, b + 3 = 2*r. Let s(o) = 12*o + 30. Calculate s(b).
-6
Let c(v) = -2*v**2 - 34*v - 35. Let g be c(-16). Let q(w) = 5*w**2 + w - 4. What is q(g)?
38
Suppose g = y, 5*g + 8 = -4*y + 44. Suppose 52 - 8 = 11*r. Let k(m) = -4 + 3 + 3 - 2*m + r*m. Calculate k(g).
10
Let c(t) = -6*t**2 - 21*t + 5. Let q(u) = -u**2 - 2*u + 1. Let r(n) = c(n) - 5*q(n). Determine r(-9).
18
Let x(u) = 12 - 1706*u + 852*u + 851*u. What is x(7)?
-9
Let q(t) = t**3 + t - 1. Let a(f) = -8*f**3 + 13*f**2 - 17*f - 16. Let s(h) = a(h) + 7*q(h). Give s(12).
1
Let k(o) = -o**2 - 21*o - 18. Let n be k(-20). Let z be (n*3/6)/((-1)/1). Let f(u) = -6*u - 1. Determine f(z).
5
Let g(b) be the first derivative of -11*b**2 - 2*b + 34. Give g(-1).
20
Let c(a) = -12*a + 0 + 12*a - 1 - 6*a**3. Suppose 5*x - 156 = -151. Calculate c(x).
-7
Let g(i) = i**2 - 5*i + 4. Let k be 1 - 3*43/3. Let r = -39 - k. Calculate g(r).
-2
Let v(o) be the first derivative of 2*o**3/3 + 2*o**2 - 4*o + 72. What is v(-4)?
12
Suppose 4*f = -4 - 8. Let q(t) be the third derivative of t**6/120 + t**5/15 - t**4/12 - 2*t**3/3 + t**2 + 410*t + 2. Determine q(f).
11
Let g(r) = -r**2 - 8*r - 16. Let c be g(-6). Let h(j) = j + 1. Let z(x) = -3*x - 2 + x + 0. Let y(s) = -3*h(s) - 2*z(s). Determine y(c).
-3
Suppose -3 + 57 = -18*t. Let p(m) = 3*m**2 + m - 4. Give p(t).
20
Let s(l) = l**3 - 4*l**2 - 7*l. Let u(q) = q**3 + 16*q**2 + 28*q + 7. Let c be u(-14). Let g(z) = -z**2 + 6*z + 12. Let h be g(c). Determine s(h).
-10
Let s(n) = -n + 13. Le